the highest common divisor of z and 486.
162
Let g(y) = 3*y**2 + 33*y + 116. Let m(o) = o**2 - 2*o. Let p(f) = -g(f) + 2*m(f). Let u be p(-33). What is the greatest common divisor of u and 8?
8
Let w(g) = 122*g - 1045. Let f be w(14). What is the greatest common factor of 273 and f?
39
Let p be 1792/(-42)*3*3*(-4)/24. What is the greatest common factor of 616 and p?
8
Let r = -184 - -189. Suppose 0 = -r*v - g + 110, -9 = g - 14. What is the greatest common divisor of v and 336?
21
Let c = 16525 + -16470. What is the greatest common factor of c and 45?
5
Suppose 0 = -5*i - a + 417, 0 = -8*a + 3*a + 10. Let c = i + -54. Suppose 6 = -c*j + 31*j. Calculate the highest common divisor of 24 and j.
3
Suppose 4*t - 3*i = -72 + 233, -5*i - 77 = -2*t. Let u = 56 - t. Suppose -u*w = -18*w + 42. What is the highest common divisor of 7 and w?
7
Let j = -19 - -19. Suppose -g - 2*o = -2, 2 = 2*o + 6. Suppose j = 3*l - 30 - g. Calculate the greatest common divisor of l and 48.
12
Suppose 55*m - 48*m - 154 = 0. Let v be (99/m)/((-2)/(-8)). Calculate the highest common factor of 234 and v.
18
Let v = -3 + 8. Suppose -v*f + 194 = 4*c, -3*f + 106 = -3*c - 32. Let p = 11899 + -11885. What is the greatest common factor of f and p?
14
Suppose s - 2*n = 130, 4*s - 11*n - 512 = 8. Let w(j) = 2 + 7 + 11 - j**2 - 14*j. Let a be w(-14). What is the greatest common divisor of a and s?
10
Let v = 65 - 62. Suppose -5*q - 23 = -v, -184 = -3*x + q. Suppose -9*n + 66 = -x. What is the highest common divisor of n and 4?
2
Let a = 80 + -44. Let d(m) = -230*m - 1. Let p be d(-1). Suppose 5*q - 311 = p. Calculate the greatest common factor of a and q.
36
Let r = -4947 - -5009. Calculate the highest common divisor of r and 31.
31
Suppose x = -4, -3*v - 5*x + 850 = -324. Suppose 22*o = 24*o - 4, 0 = g - 4*o - v. Calculate the greatest common divisor of 174 and g.
58
Let k(u) = -50*u + 250. Let l be k(4). Let n(z) = -21*z + 5. Let d be n(-5). Calculate the highest common factor of d and l.
10
Let t(w) = w**2 + 7*w - 18. Let m be t(3). Calculate the greatest common factor of 86 and m.
2
Let d = 5704 + -2635. Calculate the highest common factor of 99 and d.
99
Suppose 4*j = 779*r - 780*r + 469, 0 = -3*j + 5*r + 346. Let o be 2/(8/(-9) - -1). What is the highest common divisor of o and j?
9
Let s = -692 - -1024. Calculate the greatest common divisor of 2822 and s.
166
Suppose 124*m = 56598 + 14826. What is the highest common factor of 1008 and m?
144
Suppose -6887 = -4*g - 7*m + 12*m, -2*m = 3*g - 5194. What is the greatest common factor of 27 and g?
27
Let c be 8*((-3)/6 - -1). Suppose c*i + 5*p = 49, p + 14 + 29 = 4*i. Suppose 3*o - 160 = 5. What is the highest common divisor of i and o?
11
Let a(t) = t**3 - 16*t**2 + 24*t - 25. Let m be a(15). Let q be (-1)/2 - (-21)/6. Suppose q*b - 151 = -19. What is the highest common factor of b and m?
22
Let f = 3336 + -3310. What is the greatest common divisor of 52 and f?
26
Let k(c) = -2*c**3 - 15*c**2 + 11*c - 92. Let q be k(-13). What is the greatest common factor of q and 126?
14
Let v(r) = r**2 - r - 2. Let u be v(-2). Let b(f) = 13*f + 669. Let m be b(-37). Calculate the greatest common factor of u and m.
4
Suppose 114 - 341 = -20*n + 473. What is the highest common divisor of 1890 and n?
35
Let t = 6566 - 4788. What is the greatest common divisor of t and 21?
7
Let p = 11 + -6. Suppose 4*v + 33*v - 7684 = 1381. What is the highest common factor of v and p?
5
Let d(z) = z**3 + 2*z**2 - 120*z + 236. Let n be d(2). Calculate the highest common factor of n and 564.
12
Suppose -124*c = -136*c + 228. Suppose 57 = -c*a + 20*a. Let u(n) = 12*n**2 - 4*n + 5. Let j be u(5). Calculate the greatest common divisor of a and j.
57
Let z be ((-27)/36)/((-6)/(-8)) + 902. What is the greatest common factor of z and 119?
17
Suppose 4*u = 3*z + 44, 26*u + 2*z - 39 = 15*u. Let f(q) = 2*q**2 + 6*q + 5. Let p be f(-5). Calculate the greatest common factor of p and u.
5
Let a(z) = 4*z**2 + 2*z + 3. Let u be a(-2). Let p = -669 - -468. Let j = p + 216. Calculate the greatest common factor of u and j.
15
Let r be (5372/(-5))/(-4) - 9/15. Let w = 288 - r. Calculate the highest common factor of w and 20.
20
Let v be -5 - (-395)/15 - (-3)/(-9). What is the highest common factor of v and 1183?
7
Suppose -2841 = -783*x - 492. Suppose -a + 6 = -15. What is the highest common factor of a and x?
3
Let u = 1870 + -1862. Let r(z) = z**3 - 10*z**2 + 6*z - 1. Let y be r(9). Let p = y + 48. Calculate the greatest common factor of u and p.
4
Suppose 2*g = -s - 2*s + 25, -4*g - s + 25 = 0. Suppose 3*h - 33 = -3*i, -g*i - 41 = -8*i - 5*h. Calculate the greatest common divisor of i and 224.
7
Let y = -4008 - -6248. What is the highest common factor of 35 and y?
35
Suppose 2*k + 15*z - 14*z - 57 = 0, 3*z = -5*k + 141. Suppose -k*m = -60*m + 90. What is the highest common factor of m and 192?
3
Let j be (1 + -2)/((4 + -5)/22). Let d(z) = 4*z**3 + 12*z**2 - 32*z + 1. Let c be d(3). What is the greatest common divisor of c and j?
11
Let y(d) = 2*d**3 + 5*d**2 - 5*d + 9. Let h be y(3). Let c = 101 - h. Let m = 141 - 133. What is the highest common divisor of m and c?
8
Suppose 5 = 5*c - 0. Let d be (-5)/(10/(-1274)) - c. Suppose d = 4*k - 4*a, 4*k + a + 3*a = 652. What is the highest common divisor of k and 23?
23
Suppose -14*f + 3 = -13*f. Suppose -j + 3*x - 52 = 0, -j - 3*x - 253 = f*j. Let c = 83 + j. What is the highest common divisor of 176 and c?
22
Let c = 46 - 40. Suppose -107 = -c*t - 29. Let a = -7 + t. What is the greatest common factor of 42 and a?
6
Suppose -m + 2014 = -4*s + 6670, -4656 = -4*s - m. Calculate the greatest common divisor of 24 and s.
12
Let a = 924 + -1319. Let y = a + 499. Calculate the highest common factor of y and 130.
26
Let y(m) = -18*m - 72. Let n be y(-10). Suppose -36*j = -39*j + n. What is the highest common divisor of j and 2?
2
Suppose -6*x = 48 - 234. Suppose 0 = -9*s + x*s - 1034. Calculate the highest common divisor of s and 188.
47
Let r(j) = 7*j**3 - j**2 - j + 4. Let b be r(2). Let q = b + -30. Let y be -35*2/(-2)*q/20. What is the greatest common factor of 14 and y?
14
Let u(z) = z**3 - 2*z**2 + 19*z + 14. Let c be u(5). Calculate the highest common divisor of c and 299.
23
Let g = -145 + 185. Suppose -g*o + 80 = -30*o. What is the highest common factor of 24 and o?
8
Let b be (736/(-276))/(2/(-6))*(3 + -1). Calculate the highest common divisor of b and 2608.
16
Let n be 1/(-4)*(-60 - -32)*-3. Let i be -3*(-98)/n*-1. What is the highest common divisor of 756 and i?
14
Suppose -3*i - i + 5772 = 22*i. Calculate the highest common factor of i and 1406.
74
Let q = -126 + 110. Let z(g) = g**3 + 13*g**2 - 48*g + 3. Let w be z(q). Suppose 0 = -w*t + 68 + 13. Calculate the greatest common factor of t and 27.
27
Suppose 95*o - 6503 = -708. What is the highest common factor of o and 16043?
61
Suppose -128*h - 158870 + 851350 = 0. What is the greatest common factor of 10 and h?
10
Let s be 19 - 12/24*6. What is the highest common factor of 14272 and s?
16
Let a be (152/(-24))/((-140)/(-48) + -3). Suppose -4*x + 348 - a = 2*r, -2*r = -x + 73. Calculate the highest common factor of x and 46.
23
Suppose -193*t + 105 = -188*t. Suppose -30*g + t*g = -9. Calculate the greatest common divisor of g and 19.
1
Let p = -6104 + 7202. Calculate the greatest common divisor of 90 and p.
18
Suppose 35*s = -4*m + 33*s + 392, -m + 80 = 5*s. Let a(y) = -y**2 - 9*y - 6. Let r be a(-7). What is the greatest common divisor of m and r?
4
Let w be 6/5*(-125)/(-75). Let a be 1 - 0 - -10 - 0. Suppose 5*c - a = -3*v + w*v, -3*c = -2*v + 35. Calculate the greatest common factor of 144 and v.
16
Suppose 907 + 1696 - 573 = 10*n. What is the highest common divisor of 49 and n?
7
Suppose 11*y - 12*y = 2*k - 2603, 0 = -5*k + 3*y + 6513. What is the highest common factor of 310 and k?
62
Suppose 4*a - 91 = -4*m + 105, 5*a - 239 = m. Let t = -14 - -26. What is the highest common factor of t and a?
12
Suppose 24 - 21 = 3*w, 0 = 5*n - w - 74. Let l be 0 - -3 - (2 + 72). Let t = 131 + l. Calculate the highest common divisor of n and t.
15
Let w be (-10977)/(72/(-96) + 404/48 + -8). Calculate the highest common divisor of 9 and w.
9
Suppose 0 = -253*g + 44010 - 11120. Let p be (-1